Calculate -5 + 0 + 3 + (-2 - -3).
-1
Evaluate 4 - ((-2 - -3) + -1 + -5).
9
What is the value of (-4 - 1 - 1) + 4 - -1?
-1
Evaluate (0 - (3 - 8)) + -4.
1
Evaluate 12 + -6 + (0 - (6 - 1)).
1
Calculate (6 - -9 - 7 - -7) + -6.
9
What is -2 - -2 - ((2 - 0) + 0)?
-2
-15 + 19 - (0 - 2 - -15)
-9
What is -5 + -1 + 10 + (1 - 1)?
4
Calculate 9 - (-2 - (-27 - -9)).
-7
What is (7 - (3 + 8 - 1)) + -1?
-4
What is the value of (7 - 2 - (0 + 2)) + -5?
-2
What is the value of -11 - (4 + (-16 - (0 + -6)))?
-5
What is -2 - -7 - (-2 - -7)?
0
Calculate -3 + 5 - (-4 - -9).
-3
3 + 2 + -5 + 5
5
Calculate -6 + 9 + 6 + -8.
1
Calculate (-3 - -4) + -4 + 5.
2
What is 9 + (-7 + 4 - 1)?
5
What is the value of -1 + (0 - -1) + 26 + -26?
0
What is the value of 4 + -5 + 0 - -5?
4
Evaluate 5 - -1 - (-17 - (-14 + -3)).
6
Evaluate -5 + 0 + 0 + 3.
-2
Evaluate -27 - -27 - (2 + (4 - 1)).
-5
11 + (18 - 36) + -1 + 13
5
Evaluate (-3 - (2 + 0 + -1)) + 3.
-1
Evaluate -1 + 8 + 2 + -8.
1
Calculate (6 - 1) + -27 + 26.
4
What is the value of 4 - (3 - (3 - 9 - -8))?
3
(-17 - (-5 + 0)) + 5 + -1
-8
-3 + 4 + -2 + (7 - 9)
-3
0 + -1 + (1 - 2)
-2
-1 + -9 + (5 - 15 - -13)
-7
Evaluate 0 - 1 - (-6 + 3).
2
What is -2 - (1 - (-1 - -7))?
3
What is the value of -10 - (5 - 10 - -3)?
-8
What is (-5 - -1) + -3 + 12 + -2?
3
Calculate -4 - (-2 + -3 - 7).
8
Evaluate 1 - (3 - 5 - -9 - 4).
-2
What is 9 - -1 - 19 - -7?
-2
Evaluate 4 + -2 + -1 + 1.
2
What is (-8 - -15) + (4 - 7)?
4
What is the value of (7 - (-6 - (4 - 2))) + -7?
8
(-25 - -36) + (-15 - 1)
-5
Calculate -3 - 3 - (-16 + 4).
6
What is the value of (-5 - 0) + (-1 - -3)?
-3
What is -13 - 2 - -9 - -12?
6
-2 + -4 + 2 + 6 + 1
3
Calculate -2 + (6 - 8) - (-2 - -3).
-5
Evaluate 8 + (8 - (20 + -9)).
5
Evaluate (2 + 0 - 1) + (-8 - -7).
0
Evaluate 1 + 7 + -2 + -1.
5
Evaluate 2 - -1 - 0 - (-5 - -8).
0
Evaluate (-1 - 0) + -7 + (8 - 5).
-5
What is 1 - (0 - (1 + 3 + -3))?
2
What is (-1 + -1 - (18 - 17)) + -4?
-7
-2 + 11 + -5 + -3
1
What is -3 - 0 - (-11 - -10)?
-2
Evaluate (-1 - (6 + -13)) + (-14 - -6).
-2
Calculate 6 - 2 - (6 + -1).
-1
What is the value of -4 - (-5 - (5 - 1 - 3))?
2
What is the value of -13 - -17 - (3 + 0)?
1
What is the value of 4 + 0 + -10 + -2 + 6?
-2
What is the value of (-1 - -3 - 4) + 5?
3
Calculate 1 + 5 + (-3 - (-1 - -1)).
3
What is the value of 1 - (2 - 1 - 4) - 0?
4
Calculate 4 + (-2 - (1 - 4 - -2)).
3
Evaluate 7 - (9 + -3) - 7.
-6
What is the value of 7 + -20 + 4 - -12?
3
Evaluate (-1 + -3 - -8) + -4.
0
Evaluate -8 + (-3 - -6) - -11.
6
What is the value of -3 - (-1 + 2 + -1 + 1)?
-4
-1 + 2 - (-10 + 6 - -2)
3
Evaluate 5 + (-5 - -9) + 3 + -12.
0
-2 + (-7 - -3 - -5)
-1
Calculate 13 - ((15 - 2) + -9).
9
What is 3 - -2 - (20 + -12) - -2?
-1
(1 - (5 - 1 - 9)) + 1
7
Calculate -2 + (7 - -1) + (1 - 9).
-2
-2 - -13 - (-82 - -88)
5
Evaluate 9 + 0 + -8 - -8.
9
What is 4 - (4 + (-5 - -5))?
0
Calculate (-11 - -19) + -3 - 0.
5
0 - 0 - (-42 - -36)
6
What is 5 + -6 - 2 - -4?
1
3 + -4 - (40 + -37)
-4
5 - (-11 + 18 - (-1 - 3))
-6
What is the value of 15 - 8 - 2 - (4 + 0)?
1
Calculate (0 - -1) + (-7 - -3) - -8.
5
What is the value of -8 - -12 - -2 - (1 + 4)?
1
What is -1 + -3 + 1 - (-149 + 146)?
0
Calculate -8 - -4 - (2 - 11).
5
What is 1 + 0 - ((10 - 5) + -5)?
1
What is the value of (1 - -1) + (-17 + 19 - 2)?
2
-17 + 11 - (-16 + 11)
-1
Calculate 0 + -2 - (-92 - -95).
-5
Evaluate -5 - (6 - 8) - -8.
5
What is 3 + -4 + 5 + (0 - -1)?
5
10 - (-12 + 24) - (8 + -1)
-9
Evaluate -9 + 5 - (-6 + 6).
-4
Calculate -4 - (-4 - -5 - -2 - 11).
4
What is the value of 4 - (6 + -4 + 2)?
0
What is 0 + (3 - 3) - 3?
-3
What is (4 + 1 - (26 + -16)) + 1?
-4
What is the value of 4 - (1 - -5) - (2 + 1)?
-5
What is -1 - (-2 + (-2 - -3))?
0
1 - (-6 - (8 - 11))
4
What is 1 + 1 - 3 - -1?
0
What is the value of -1 - (5 + (-4 - 3) - -4)?
-3
What is 15 + (-14 - 0) - (8 + 0)?
-7
What is the value of (2 - -4) + 9 + -16 + -2?
-3
What is the value of 0 - -3 - (0 + -1)?
4
Evaluate -2 - (6 + -1) - (-3 - 1).
-3
Calculate -9 + (5 - -6) - (-5 + 1).
6
7 + (-6 - -2) - -2
5
What is -3 + (2 - (-3 - (-6 - -3)))?
-1
What is the value of 2 + (0 - 12) + 3?
-7
Calculate -8 - 0 - (-21 + 18) - -4.
-1
What is the value of 2 - (1 - (-3 + 0) - -3)?
-5
What is the value of 6 - 17 - (-6 + -3)?
-2
4 + -6 + -1 + 1
-2
What is the value of -18 - (-16 + 6) - -6?
-2
Calculate -2 - (3 + -7 + 14 + -7).
-5
What is -8 - ((-2 - 6) + (-2 - -8))?
-6
What is the value of 4 + (-2 + -3 - -6) + 0?
5
Calculate 2 + (-3 - (-1 - -3)).
-3
Calculate -6 + 10 + -9 + (5 - 2).
-2
Calculate -3 + (-8 - -16) + -1 + -4.
0
-3 + (-1 - (-1 + 0)) + 1
-2
What is the value of (-4 - (0 + -2)) + 2?
0
What is the value of 2 - (9 - (2 - -5))?
0
What is the value of (3 - (-1 - 0 - -8)) + 2?
-2
What is the value of 1 - (15 - 5 - 3) - -5?
-1
3 + -2 + -4 - -4
1
What is the value of -2 - (5 + (-2 - (2 + -1)))?
-4
What is 2 - 6 - (-7 - 0)?
3
132 - 132 - ((1 - -5) + 0)
-6
Calculate -2 - (-9 - -3) - -1.
5
What is (-8 - (0 + -11)) + 3 + 5?
11
What is 9 + (-6 - -6) - 16?
-7
Calculate (-2 + 9 - 9) + 6.
4
(-1 - (1 - 4)) + (0 - -2)
4
What is the value of -3 - 2 - -6 - -1?
2
Evaluate 4 + -2 + 6 + -8.
0
136 + -131 + (-2 - (-2 + 1))
4
What is the value of (-2 - (2 - (3 + 1))) + 3?
3
What is the value of 1 - (-2 + 3 - 1)?
1
What is -18 + 13 - (-2 + -8 + 1)?
4
Calculate 25 - 19 - (6 + -4).
4
What is -6 - (-3 - (0 - 3))?
-6
Evaluate 4 - ((0 - 4) + (3 - -5)).
0
Calculate 1 + 4 + -8 + (2 - 0).
-1
-4 + (6 - (-1 - 2))
5
What is 4 - 2 - (-2 + -1)?
5
4 - 1 - 3 - (0 - -4)
-4
Calculate 3 - (4 + -4 + -7).
10
-5 + (-2 - 0 - (2 - 4))
-5
What is (-1 - 3) + (-3 - -7)?
0
Calculate 0 + 8 + 5 + -8.
5
What is the value of 4 + (2 - 4) - (-8 + 6)?
4
Evaluate 1 - 2 - -7 - 1 - 7.
-2
2 - (-6 - (-4 + -7))
-3
What is the value of (1 - 1 - (7 - -1)) + 6?
-2
Calculate 16 + -11 + 0 + 3 - 5.
3
Calculate -9 + 1 + 4 + 9.
5
What is (7 + 4 - 4) + -4 + -1?
2
What is the value of (-12 - -9) + 3 - -4?
4
What is the value of 2 + (-5 - -7) + -4?
0
What is the value of 4 + -2 + (3 - 7)?
-2
What is 28 + -23 - (0 - -7)?
-2
Calculate (16 - (8 - 1)) + 0.
9
Calculate -14 - (2 - 0) - -10.
-6
What is the value of 14 + -14 - (4 - -1)?
-5
-2 + (-5 + 1 - (14 - 22))
2
Evaluate -8 + 3 + -4 + 2.
-7
Calculate (3 - 11) + 4 + 4 + -5.
-5
Calculate (0 - (20 - 2)) + 52 + -44.
-10
What is the value of 3 - (5 - (6 + (-5 - 2)))?
-3
What is the value of 4 - 6 - (9 + -7)?
-4
-2 - 2 - (2 + -2) - 3
-7
What is the value of (-4 - (4 + -8 + 4)) + 0?
-4
Calculate 0 + 4 + (-7 - (-2 + -6)).
5
What is -2 + (-4 - (-5 + 1))?
-2
Evaluate 87 + -76 + (-6 - 2).
3
2 - ((-4 - (0 + 0)) + 4)
2
-164 - -163 - (-6 - 0)
5
What is -2 + (-4 - -2) + 75 + -73?
-2
-5 + (-6 - -7) + 1
-3
What is 3 + (-3 - 6) - (3 + -4)?
-5
What is the value of 4 - ((1 - 5) + 11)?
-3
Calculate 1 - (5 + -5 + -7).
8
What is -28 - -36 - (4 + 0)?
4
Evaluate -3 + 3 + (-1 + 1 - 1).
-1
What is the value of (0 + (3 - 7) - -2) + 7?
5
Evaluate 19 + -15 - ((-2 - -2) + 1).
3
What is the value of 6 + (2 + 3 - (12 + -3))?
2
0 + -3 - (4 + -12)
5
Calculate (0 - 0) + (-1 - 3) + 6.
2
Calculate (-1 - ((6 - 7) + 7)) + 5.
-2
(1 - 1) + (6 - 1) + 2
7
What is 10 - (0 + (1 + -2 - -5))?
6
What is -4 - (-5 - 2) - (-1 + 11)?
-7
What is 4 + (1 + 1 - 2)?
4
Evaluate 18 - 18 - (-3 + 1).
2
Calculate (5 + -11 - -4) + -3.
-5
What is the value of -10 - (4 - 32 - -11)?
7
Evaluate 8 + 0 - (-4 + 15).
-3
What is 146 + -146 - (0 + -3 + 0)?
3
-6 - -1 - (-15 - -5)
5
5 + -16 + (18 - 5)
2
(-7 - ((-2 - 1) + -4)) + 5
5
What is the value of -7 - ((-8 - -2) + -21 + 22)?
-2
(-2 - (0 + 1)) + 1 - 1
-3
What is the value of (0 - 1) + (-10 - (-10 - 2))?
1
-5 + 10 + -2 + -4
-1
What is the value of 4 - ((2 - 4 - -5) + -4)?
5
Evaluate (-4 - 0) + 7 + 4.
7
4 + (6 + -8 - (7 + -2))
-3
What is 0 + (2 - 1) + -2 + 3?
2
Calculate -3 + 9 + -2 + (4 - 4).
4
Calculate (-2 - (-3 - (-2 + 2))) + 3.
4
What is the value of 6 - (3 + (6 - (11 - 3)))?
5
Evaluate -3 - 2 - (-18 + 9).
4
What is (4 + -6 - -3) + -1 - -6?
6
Calculate 3 + -3 - -4 - (0 - -9).
-5
What is 1 + 2 - (-66 + 70)?
-1
What is -6 + 9 - 1 - -4?
6
Calculate (2 + -5 - -11) + -4.
4
What is (1 - 10) + 5 - 3?
-7
5 + 2 + (19 - 32)
-6
What is the value of -55 + 66 + -2 + -7 + 1?
3
What is the value of -3 - (-4 - (0 + -8))?
-7
Evaluate 10 + -1 + (62 - 68).
3
6 - ((-4 + 2 - 1) + 3)
6
Calculate 17 + (